{"id":690,"date":"2023-08-03T14:11:14","date_gmt":"2023-08-03T14:11:14","guid":{"rendered":"https:\/\/www.harveyspahotel.com\/?page_id=690"},"modified":"2025-08-07T12:58:01","modified_gmt":"2025-08-07T12:58:01","slug":"galerie-broemse","status":"publish","type":"page","link":"https:\/\/www.harveyspahotel.com\/de\/wo-finden-sie-uns\/kultur-freizeit-in-franzensbad\/galerie-broemse\/","title":{"rendered":"Galerie Br\u00f6mse"},"content":{"rendered":"<p>Die Galerie Br\u00f6mse widmet sich der Konzeption und Realisierung von Ausstellungsprojekten. Es kn\u00fcpft an das geistige und k\u00fcnstlerische Erbe von August Br\u00f6mse an, der aus Franzensbad stammte und im 19. Jahrhundert als Grafiker und Maler sowie als Professor an der Akademie der Bildenden K\u00fcnste in Prag t\u00e4tig war.<\/p>\n","protected":false},"excerpt":{"rendered":"<p>Die Galerie Br\u00f6mse widmet sich der Konzeption und Realisierung von Ausstellungsprojekten. Es kn\u00fcpft an das geistige und k\u00fcnstlerische Erbe von August Br\u00f6mse an, der aus Franzensbad stammte und im 19. Jahrhundert als Grafiker und Maler sowie als Professor an der Akademie der Bildenden K\u00fcnste in Prag t\u00e4tig war.<\/p>\n","protected":false},"author":7,"featured_media":0,"parent":684,"menu_order":60,"comment_status":"closed","ping_status":"closed","template":"","meta":{"footnotes":""},"class_list":["post-690","page","type-page","status-publish","hentry"],"yoast_head":"<!-- This site is optimized with the Yoast SEO plugin v27.3 - https:\/\/yoast.com\/product\/yoast-seo-wordpress\/ -->\n<title>Galerie Br\u00f6mse - Harvey Spa Hotel -<\/title>\n<meta name=\"description\" content=\"Die Galerie realisiert Ausstellungsprojekte und ehrt August Br\u00f6mse, einen aus Franzensbad stammenden Grafiker und Maler des 19. Jahrhunderts.\" \/>\n<meta name=\"robots\" content=\"index, follow, max-snippet:-1, max-image-preview:large, max-video-preview:-1\" \/>\n<link rel=\"canonical\" href=\"https:\/\/www.harveyspahotel.com\/de\/wo-finden-sie-uns\/kultur-freizeit-in-franzensbad\/galerie-broemse\/\" \/>\n<meta property=\"og:locale\" content=\"de_DE\" \/>\n<meta property=\"og:type\" content=\"article\" \/>\n<meta property=\"og:title\" content=\"Galerie Br\u00f6mse - Harvey Spa Hotel -\" \/>\n<meta property=\"og:description\" content=\"Die Galerie realisiert Ausstellungsprojekte und ehrt August Br\u00f6mse, einen aus Franzensbad stammenden Grafiker und Maler des 19. Jahrhunderts.\" \/>\n<meta property=\"og:url\" content=\"https:\/\/www.harveyspahotel.com\/de\/wo-finden-sie-uns\/kultur-freizeit-in-franzensbad\/galerie-broemse\/\" \/>\n<meta property=\"og:site_name\" content=\"Harvey Spa Hotel\" \/>\n<meta property=\"article:modified_time\" content=\"2025-08-07T12:58:01+00:00\" \/>\n<meta name=\"twitter:card\" content=\"summary_large_image\" \/>\n<meta name=\"twitter:label1\" content=\"Gesch\u00e4tzte Lesezeit\" \/>\n\t<meta name=\"twitter:data1\" content=\"1 Minute\" \/>\n<script type=\"application\/ld+json\" class=\"yoast-schema-graph\">{\"@context\":\"https:\\\/\\\/schema.org\",\"@graph\":[{\"@type\":\"WebPage\",\"@id\":\"https:\\\/\\\/www.harveyspahotel.com\\\/de\\\/wo-finden-sie-uns\\\/kultur-freizeit-in-franzensbad\\\/galerie-broemse\\\/\",\"url\":\"https:\\\/\\\/www.harveyspahotel.com\\\/de\\\/wo-finden-sie-uns\\\/kultur-freizeit-in-franzensbad\\\/galerie-broemse\\\/\",\"name\":\"Galerie Br\u00f6mse - Harvey Spa Hotel -\",\"isPartOf\":{\"@id\":\"https:\\\/\\\/www.harveyspahotel.com\\\/de\\\/#website\"},\"datePublished\":\"2023-08-03T14:11:14+00:00\",\"dateModified\":\"2025-08-07T12:58:01+00:00\",\"description\":\"Die Galerie realisiert Ausstellungsprojekte und ehrt August Br\u00f6mse, einen aus Franzensbad stammenden Grafiker und Maler des 19. Jahrhunderts.\",\"breadcrumb\":{\"@id\":\"https:\\\/\\\/www.harveyspahotel.com\\\/de\\\/wo-finden-sie-uns\\\/kultur-freizeit-in-franzensbad\\\/galerie-broemse\\\/#breadcrumb\"},\"inLanguage\":\"de-DE\",\"potentialAction\":[{\"@type\":\"ReadAction\",\"target\":[\"https:\\\/\\\/www.harveyspahotel.com\\\/de\\\/wo-finden-sie-uns\\\/kultur-freizeit-in-franzensbad\\\/galerie-broemse\\\/\"]}]},{\"@type\":\"BreadcrumbList\",\"@id\":\"https:\\\/\\\/www.harveyspahotel.com\\\/de\\\/wo-finden-sie-uns\\\/kultur-freizeit-in-franzensbad\\\/galerie-broemse\\\/#breadcrumb\",\"itemListElement\":[{\"@type\":\"ListItem\",\"position\":1,\"name\":\"Home\",\"item\":\"https:\\\/\\\/www.harveyspahotel.com\\\/de\\\/\"},{\"@type\":\"ListItem\",\"position\":2,\"name\":\"Wo finden Sie uns\",\"item\":\"https:\\\/\\\/www.harveyspahotel.com\\\/de\\\/wo-finden-sie-uns\\\/\"},{\"@type\":\"ListItem\",\"position\":3,\"name\":\"Kultur, Freizeit in Franzensbad\",\"item\":\"https:\\\/\\\/www.harveyspahotel.com\\\/de\\\/wo-finden-sie-uns\\\/kultur-freizeit-in-franzensbad\\\/\"},{\"@type\":\"ListItem\",\"position\":4,\"name\":\"Galerie Br\u00f6mse\"}]},{\"@type\":\"WebSite\",\"@id\":\"https:\\\/\\\/www.harveyspahotel.com\\\/de\\\/#website\",\"url\":\"https:\\\/\\\/www.harveyspahotel.com\\\/de\\\/\",\"name\":\"Harvey Spa Hotel\",\"description\":\"\",\"potentialAction\":[{\"@type\":\"SearchAction\",\"target\":{\"@type\":\"EntryPoint\",\"urlTemplate\":\"https:\\\/\\\/www.harveyspahotel.com\\\/de\\\/?s={search_term_string}\"},\"query-input\":{\"@type\":\"PropertyValueSpecification\",\"valueRequired\":true,\"valueName\":\"search_term_string\"}}],\"inLanguage\":\"de-DE\"}]}<\/script>\n<!-- \/ Yoast SEO plugin. -->","yoast_head_json":{"title":"Galerie Br\u00f6mse - Harvey Spa Hotel -","description":"Die Galerie realisiert Ausstellungsprojekte und ehrt August Br\u00f6mse, einen aus Franzensbad stammenden Grafiker und Maler des 19. Jahrhunderts.","robots":{"index":"index","follow":"follow","max-snippet":"max-snippet:-1","max-image-preview":"max-image-preview:large","max-video-preview":"max-video-preview:-1"},"canonical":"https:\/\/www.harveyspahotel.com\/de\/wo-finden-sie-uns\/kultur-freizeit-in-franzensbad\/galerie-broemse\/","og_locale":"de_DE","og_type":"article","og_title":"Galerie Br\u00f6mse - Harvey Spa Hotel -","og_description":"Die Galerie realisiert Ausstellungsprojekte und ehrt August Br\u00f6mse, einen aus Franzensbad stammenden Grafiker und Maler des 19. Jahrhunderts.","og_url":"https:\/\/www.harveyspahotel.com\/de\/wo-finden-sie-uns\/kultur-freizeit-in-franzensbad\/galerie-broemse\/","og_site_name":"Harvey Spa Hotel","article_modified_time":"2025-08-07T12:58:01+00:00","twitter_card":"summary_large_image","twitter_misc":{"Gesch\u00e4tzte Lesezeit":"1 Minute"},"schema":{"@context":"https:\/\/schema.org","@graph":[{"@type":"WebPage","@id":"https:\/\/www.harveyspahotel.com\/de\/wo-finden-sie-uns\/kultur-freizeit-in-franzensbad\/galerie-broemse\/","url":"https:\/\/www.harveyspahotel.com\/de\/wo-finden-sie-uns\/kultur-freizeit-in-franzensbad\/galerie-broemse\/","name":"Galerie Br\u00f6mse - Harvey Spa Hotel -","isPartOf":{"@id":"https:\/\/www.harveyspahotel.com\/de\/#website"},"datePublished":"2023-08-03T14:11:14+00:00","dateModified":"2025-08-07T12:58:01+00:00","description":"Die Galerie realisiert Ausstellungsprojekte und ehrt August Br\u00f6mse, einen aus Franzensbad stammenden Grafiker und Maler des 19. Jahrhunderts.","breadcrumb":{"@id":"https:\/\/www.harveyspahotel.com\/de\/wo-finden-sie-uns\/kultur-freizeit-in-franzensbad\/galerie-broemse\/#breadcrumb"},"inLanguage":"de-DE","potentialAction":[{"@type":"ReadAction","target":["https:\/\/www.harveyspahotel.com\/de\/wo-finden-sie-uns\/kultur-freizeit-in-franzensbad\/galerie-broemse\/"]}]},{"@type":"BreadcrumbList","@id":"https:\/\/www.harveyspahotel.com\/de\/wo-finden-sie-uns\/kultur-freizeit-in-franzensbad\/galerie-broemse\/#breadcrumb","itemListElement":[{"@type":"ListItem","position":1,"name":"Home","item":"https:\/\/www.harveyspahotel.com\/de\/"},{"@type":"ListItem","position":2,"name":"Wo finden Sie uns","item":"https:\/\/www.harveyspahotel.com\/de\/wo-finden-sie-uns\/"},{"@type":"ListItem","position":3,"name":"Kultur, Freizeit in Franzensbad","item":"https:\/\/www.harveyspahotel.com\/de\/wo-finden-sie-uns\/kultur-freizeit-in-franzensbad\/"},{"@type":"ListItem","position":4,"name":"Galerie Br\u00f6mse"}]},{"@type":"WebSite","@id":"https:\/\/www.harveyspahotel.com\/de\/#website","url":"https:\/\/www.harveyspahotel.com\/de\/","name":"Harvey Spa Hotel","description":"","potentialAction":[{"@type":"SearchAction","target":{"@type":"EntryPoint","urlTemplate":"https:\/\/www.harveyspahotel.com\/de\/?s={search_term_string}"},"query-input":{"@type":"PropertyValueSpecification","valueRequired":true,"valueName":"search_term_string"}}],"inLanguage":"de-DE"}]}},"acf":[],"_links":{"self":[{"href":"https:\/\/www.harveyspahotel.com\/de\/wp-json\/wp\/v2\/pages\/690","targetHints":{"allow":["GET"]}}],"collection":[{"href":"https:\/\/www.harveyspahotel.com\/de\/wp-json\/wp\/v2\/pages"}],"about":[{"href":"https:\/\/www.harveyspahotel.com\/de\/wp-json\/wp\/v2\/types\/page"}],"author":[{"embeddable":true,"href":"https:\/\/www.harveyspahotel.com\/de\/wp-json\/wp\/v2\/users\/7"}],"replies":[{"embeddable":true,"href":"https:\/\/www.harveyspahotel.com\/de\/wp-json\/wp\/v2\/comments?post=690"}],"version-history":[{"count":0,"href":"https:\/\/www.harveyspahotel.com\/de\/wp-json\/wp\/v2\/pages\/690\/revisions"}],"up":[{"embeddable":true,"href":"https:\/\/www.harveyspahotel.com\/de\/wp-json\/wp\/v2\/pages\/684"}],"wp:attachment":[{"href":"https:\/\/www.harveyspahotel.com\/de\/wp-json\/wp\/v2\/media?parent=690"}],"curies":[{"name":"wp","href":"https:\/\/api.w.org\/{rel}","templated":true}]}}

Galerie Brömse

<p>Die Galerie Brömse widmet sich der Konzeption und Realisierung von Ausstellungsprojekten. Es knüpft an das geistige und künstlerische Erbe von August Brömse an, der aus Franzensbad stammte und im 19. Jahrhundert als Grafiker und Maler sowie als Professor an der Akademie der Bildenden Künste in Prag tätig war.</p>

<!-- This site is optimized with the Yoast SEO plugin v27.3 - https://yoast.com/product/yoast-seo-wordpress/ -->
<title>Galerie Brömse - Harvey Spa Hotel -</title>
<meta name="description" content="Die Galerie realisiert Ausstellungsprojekte und ehrt August Brömse, einen aus Franzensbad stammenden Grafiker und Maler des 19. Jahrhunderts." />
<meta name="robots" content="index, follow, max-snippet:-1, max-image-preview:large, max-video-preview:-1" />
<link rel="canonical" href="https://www.harveyspahotel.com/de/wo-finden-sie-uns/kultur-freizeit-in-franzensbad/galerie-broemse/" />
<meta property="og:locale" content="de_DE" />
<meta property="og:type" content="article" />
<meta property="og:title" content="Galerie Brömse - Harvey Spa Hotel -" />
<meta property="og:description" content="Die Galerie realisiert Ausstellungsprojekte und ehrt August Brömse, einen aus Franzensbad stammenden Grafiker und Maler des 19. Jahrhunderts." />
<meta property="og:url" content="https://www.harveyspahotel.com/de/wo-finden-sie-uns/kultur-freizeit-in-franzensbad/galerie-broemse/" />
<meta property="og:site_name" content="Harvey Spa Hotel" />
<meta property="article:modified_time" content="2025-08-07T12:58:01+00:00" />
<meta name="twitter:card" content="summary_large_image" />
<meta name="twitter:label1" content="Geschätzte Lesezeit" />
	<meta name="twitter:data1" content="1 Minute" />
<script type="application/ld+json" class="yoast-schema-graph">{"@context":"https:\/\/schema.org","@graph":[{"@type":"WebPage","@id":"https:\/\/www.harveyspahotel.com\/de\/wo-finden-sie-uns\/kultur-freizeit-in-franzensbad\/galerie-broemse\/","url":"https:\/\/www.harveyspahotel.com\/de\/wo-finden-sie-uns\/kultur-freizeit-in-franzensbad\/galerie-broemse\/","name":"Galerie Brömse - Harvey Spa Hotel -","isPartOf":{"@id":"https:\/\/www.harveyspahotel.com\/de\/#website"},"datePublished":"2023-08-03T14:11:14+00:00","dateModified":"2025-08-07T12:58:01+00:00","description":"Die Galerie realisiert Ausstellungsprojekte und ehrt August Brömse, einen aus Franzensbad stammenden Grafiker und Maler des 19. Jahrhunderts.","breadcrumb":{"@id":"https:\/\/www.harveyspahotel.com\/de\/wo-finden-sie-uns\/kultur-freizeit-in-franzensbad\/galerie-broemse\/#breadcrumb"},"inLanguage":"de-DE","potentialAction":[{"@type":"ReadAction","target":["https:\/\/www.harveyspahotel.com\/de\/wo-finden-sie-uns\/kultur-freizeit-in-franzensbad\/galerie-broemse\/"]}]},{"@type":"BreadcrumbList","@id":"https:\/\/www.harveyspahotel.com\/de\/wo-finden-sie-uns\/kultur-freizeit-in-franzensbad\/galerie-broemse\/#breadcrumb","itemListElement":[{"@type":"ListItem","position":1,"name":"Home","item":"https:\/\/www.harveyspahotel.com\/de\/"},{"@type":"ListItem","position":2,"name":"Wo finden Sie uns","item":"https:\/\/www.harveyspahotel.com\/de\/wo-finden-sie-uns\/"},{"@type":"ListItem","position":3,"name":"Kultur, Freizeit in Franzensbad","item":"https:\/\/www.harveyspahotel.com\/de\/wo-finden-sie-uns\/kultur-freizeit-in-franzensbad\/"},{"@type":"ListItem","position":4,"name":"Galerie Brömse"}]},{"@type":"WebSite","@id":"https:\/\/www.harveyspahotel.com\/de\/#website","url":"https:\/\/www.harveyspahotel.com\/de\/","name":"Harvey Spa Hotel","description":"","potentialAction":[{"@type":"SearchAction","target":{"@type":"EntryPoint","urlTemplate":"https:\/\/www.harveyspahotel.com\/de\/?s={search_term_string}"},"query-input":{"@type":"PropertyValueSpecification","valueRequired":true,"valueName":"search_term_string"}}],"inLanguage":"de-DE"}]}</script>
<!-- / Yoast SEO plugin. -->

Galerie Brömse - Harvey Spa Hotel -

Die Galerie realisiert Ausstellungsprojekte und ehrt August Brömse, einen aus Franzensbad stammenden Grafiker und Maler des 19. Jahrhunderts.
